inder when w is divided by 6?
4
Suppose -9 = m - 50. What is the remainder when m is divided by 22?
19
Let n = -33 + 71. Calculate the remainder when n is divided by 11.
5
Let u be (-2)/8 + (-5)/(-4). Let v be -1 - -4*(u - -1). Suppose -3*b + 62 + v = 0. What is the remainder when b is divided by 8?
7
Suppose 5*x = -0*x + 770. Suppose -t = 3*z - 43, -4*t - 2*z = z - x. Calculate the remainder when t is divided by 19.
18
Let q = 2 - -4. Calculate the remainder when 15 is divided by q.
3
Suppose -3*t - 4 - 5 = 0, -t = 5*n - 132. Suppose 0 = -h - 2*h + n. Let g = -26 - -32. Calculate the remainder when h is divided by g.
3
Let k(o) = -10*o - 9. What is the remainder when k(-7) is divided by 16?
13
Let h = -30 - 4. Suppose -57 = -3*y - 6. What is the remainder when y is divided by h/(-6) + (-2)/(-6)?
5
Let o(f) = -f + 8. Suppose 3*d = -12, -2*d + 1 = -4*h - 15. What is the remainder when 40 is divided by o(h)?
12
Suppose 0*m + 10 = 2*m. Let h(z) = 5*z**2 - z. What is the remainder when m is divided by h(1)?
1
Let k = 172 - -41. Calculate the remainder when k is divided by 24.
21
Let y(t) = 101*t**2 - 4*t + 2. Calculate the remainder when y(1) is divided by 20.
19
Let h(r) be the third derivative of r**4/8 + 4*r**2. Let j(c) = -c - 1. Let g be j(-2). Calculate the remainder when 7 is divided by h(g).
1
Suppose w - 3 = -1. Let k(l) = -4*l + 3. Let y be k(w). Let m = 16 + y. Calculate the remainder when 32 is divided by m.
10
Let l(o) = o + 4. Suppose 2*a + 10 = 0, 14 = 2*v - 2*a - 32. What is the remainder when v is divided by l(6)?
8
Let l(a) = a**3 + 6*a**2 + 5*a - 6. Let v be l(-5). Let x(y) = -y. Calculate the remainder when 15 is divided by x(v).
3
Let h = 14 - -9. Calculate the remainder when h is divided by (10 + -36)*1/(-2).
10
Suppose 3*p = -2*p - 5*c + 60, p + 4*c = -3. What is the remainder when 64 is divided by p?
13
Let u = 21 + -21. Let d = 82 + 2. Suppose -3*v + 0*v - 5*i + 40 = u, -5*v - 4*i + d = 0. What is the remainder when v is divided by 11?
9
Let x(i) = i**3 + 4*i**2 + 3*i + 3. Let t be x(-3). Suppose 0 = -n + t*n - 8. Calculate the remainder when 11 is divided by n.
3
Let t(k) = k**2 + 3*k - 1. Calculate the remainder when t(-5) is divided by (-74)/(-14) + (-2)/7.
4
Let n = 15 + -10. Suppose 3*r = -2*o - 6, -6 - 4 = 2*o + n*r. Suppose -4*a + 2*w + 38 = o, 4*w = a + 2*w - 8. What is the remainder when 18 is divided by a?
8
Let o(n) = n**2 - 9*n - 23. Calculate the remainder when 112 is divided by o(13).
25
Let y be (18/21)/((-2)/14). What is the remainder when 2 is divided by y/(-3) - (2 - 2)?
0
Let u = -3 - -3. Let g be 0 + 2 - 0 - u. Suppose 0 = 4*y + f - 71 - 72, 0 = -2*y + g*f + 64. What is the remainder when y is divided by 12?
11
Let f be 18*7*4/(-6). Let u(q) = -q**3 - q + 4. What is the remainder when ((-2)/6)/(4/f) is divided by u(0)?
3
Let u = -29 + 18. Let j = u - -23. Let b = 17 + 4. Calculate the remainder when b is divided by j.
9
Suppose 0 = j + 4*j - 5. Let s(p) = -p + 9. Let q be s(7). Suppose 0 = -3*o - q*o + 10. Calculate the remainder when o is divided by j.
0
Let u = 34 + -2. Calculate the remainder when u is divided by 12.
8
Suppose 10*h - 45 = 5*h. What is the remainder when 20 is divided by 14/((-6)/(h/(-3)))?
6
Let z(b) = b**3 - 2*b**2 - b - 1. What is the remainder when z(3) is divided by -2 + -7*6/(-7)?
1
Let h = 10 - 7. Let v(y) = -y**2 + y + 3. Let s be v(h). Calculate the remainder when s - 6*3*-2 is divided by 17.
16
Let x = 23 - 40. Let k(h) = -h - 45. Let s be k(0). Let i = x - s. What is the remainder when 83 is divided by i?
27
Suppose -o + 275 = 4*o. Suppose 3*b + 10*l = 5*l + o, -4*b - l = -96. What is the remainder when b is divided by 7?
4
Suppose 3*a - 56 = 4*g, -5*a + 20 + 45 = -g. Suppose 5*q - a = 18. Calculate the remainder when 10 is divided by q.
4
Let f = 12 - 16. Let g(c) = c**2 + 3*c + 3. Calculate the remainder when 18 is divided by g(f).
4
Suppose 4 = -2*j + 16. What is the remainder when 9 is divided by j?
3
Suppose 0 = c - 0*l - 4*l + 16, 15 = 3*l. Let r(g) = -g**2 + 5*g + 5. Calculate the remainder when r(c) is divided by 6.
3
Let p(o) = o**3 - 5*o**2 + 4*o - 4. Let d = -24 + 26. Suppose 0 = d*k - 5*k + 93. Calculate the remainder when k is divided by p(5).
15
Suppose u - 15 = -c, -5*c - 20 - 4 = -4*u. Calculate the remainder when 42 is divided by u.
9
Let i(f) = 6*f**2 + 3*f - 3. Let l = -1 + 3. Calculate the remainder when 80 is divided by i(l).
26
Let z(k) = 2*k + 2. Suppose -5*m = -2*l + 38, 0 = 5*l + 4*m - 1 - 28. Suppose -o = -4*o + l. Calculate the remainder when 14 is divided by z(o).
6
Let n(t) = -t - 12. What is the remainder when 3 is divided by n(-14)?
1
Let v(g) = -4 + 1 + 2 + 21*g. Calculate the remainder when 57 is divided by v(1).
17
Let i = 0 - -4. Suppose 0 = -3*v - 2 - i, 4*v - 13 = -3*o. Calculate the remainder when 25 is divided by o.
4
What is the remainder when (-423)/(-17) - (-12)/102 is divided by 7?
4
Suppose -3*v + 151 = 6*r - 2*r, -r + 109 = 2*v. What is the remainder when v is divided by 20?
17
Let a(u) = -u + 21. Let x(l) = -34*l**3 + 2*l + 1. What is the remainder when x(-1) is divided by a(12)?
6
Suppose 5*i = -p - 12, i = 2*p - i - 36. Let o = -6 - 0. Calculate the remainder when ((-3)/o)/((-1)/(-48)) is divided by p.
11
Let l(q) = 10*q**2 + 3*q - 1. Calculate the remainder when 21 is divided by l(1).
9
Let i(r) = r + 47. What is the remainder when i(0) is divided by 8?
7
Let c(v) = -4*v - 1. Let g = 1 - -5. Let p(z) = 5*z + 6. What is the remainder when p(g) is divided by c(-5)?
17
Suppose -421 = -4*b + 79. Suppose -5*p - 3*c + b = 0, p - 2*c + 18 = 2*p. Calculate the remainder when p is divided by 10.
8
Let w = 10 - 4. Suppose -4*o - 12 = -3*l + 4*l, 5*o = -l - 16. Suppose -b = l*b - 55. What is the remainder when b is divided by w?
5
Let i be (0 - 10)*(-6 + 4). Suppose 0 = 2*m - i - 4. Calculate the remainder when 21 is divided by m.
9
Let t = -50 + 61. Calculate the remainder when 261 is divided by t.
8
Let b(x) = -x**3 + x**2 + 2. Let c be b(0). Suppose 3*r - c*r - 5 = 0, -5*t - 3*r + 30 = 0. What is the remainder when (-15)/(-2) + 2/(-4) is divided by t?
1
Suppose 3*v = 2*r - 44, 0*r = 4*r - 5*v - 84. What is the remainder when 29 is divided by r?
13
Suppose d = 2*b + b - 2, 2*d - 40 = -5*b. Let q(h) = -39*h**3 + h. Calculate the remainder when q(-1) is divided by d.
8
Suppose q = 2*r - 0*r - 32, 42 = 2*r + 4*q. Calculate the remainder when r is divided by 6.
5
Suppose 3*i + 14 - 110 = 0. Calculate the remainder when i is divided by 17.
15
Suppose 2*w - 1 - 1 = 0. Let p(t) = t**2 + t - 2. Let a be p(-2). Suppose 0*j + 2*j - 2 = a. Calculate the remainder when w is divided by j.
0
Let b(c) = -2*c**2 + 20*c - 9. What is the remainder when 79 is divided by b(8)?
10
Let c = 11 + 44. Suppose -2*o = 3*o - c. Let m(t) = t**3 + 2*t**2 + 3*t - 3. What is the remainder when m(2) is divided by o?
8
Let k = -9 + 28. What is the remainder when k is divided by 5?
4
Suppose 0 = q - 8 + 1. Suppose 15 = j + 2*j. Suppose -4*h + 3*u = -3*h - 28, j*u = 5*h - 90. Calculate the remainder when h is divided by q.
6
Suppose -2*w + 2*q + 156 = 0, -195 - 129 = -4*w + q. Calculate the remainder when w is divided by 43.
39
What is the remainder when 3 is divided by 8/12 + 35/15?
0
Let x = -110 - -189. Suppose 0*k = -2*h + 5*k + 60, -4*k = 5*h - 84. What is the remainder when x is divided by h?
19
Let h = -149 - -273. What is the remainder when h is divided by 42?
40
Let m(a) = 94*a + 3. What is the remainder when m(1) is divided by 14?
13
Suppose -1 = d - 17. What is the remainder when 62 is divided by d?
14
Suppose k - 2*m - 37 = -m, m - 39 = -k. Calculate the remainder when 149 is divided by k.
35
Let w(p) = p**3 + 8*p**2 + 8*p + 5. Let s(m) = -4*m**2 - 3*m - 2. Let u be s(-2). What is the remainder when w(-6) is divided by 41/4 + 3/u?
9
Let s(c) = -51*c - 3. What is the remainder when s(-2) is divided by 34?
31
Let s = 8 - 3. Suppose 0*k - i - 382 = -s*k, -5*k - 5*i = -370. What is the remainder when k is divided by 26?
24
Suppose 0*s = -2*s - c + 37, s + 5*c - 41 = 0. Calculate the remainder when 30 is divided by s.
14
Calculate the remainder when (10 - -6*(-2)/3)*2 is divided by 9.
3
Let s(f) = f**3 + 6*f**2 + 2*f - 1. Let i = -2 + 5. Suppose b = i*b + 8.